me factors of 9578?
2, 4789
What are the prime factors of 5112?
2, 3, 71
List the prime factors of 1793.
11, 163
What are the prime factors of 6119?
29, 211
List the prime factors of 17777.
29, 613
List the prime factors of 87.
3, 29
List the prime factors of 10947.
3, 41, 89
List the prime factors of 1008.
2, 3, 7
What are the prime factors of 5625?
3, 5
What are the prime factors of 4545?
3, 5, 101
List the prime factors of 8157.
3, 2719
List the prime factors of 5238.
2, 3, 97
List the prime factors of 702.
2, 3, 13
List the prime factors of 2819.
2819
List the prime factors of 9648.
2, 3, 67
What are the prime factors of 67235?
5, 7, 17, 113
List the prime factors of 29526.
2, 3, 7, 19, 37
List the prime factors of 1374.
2, 3, 229
What are the prime factors of 1011?
3, 337
What are the prime factors of 15379?
7, 13
List the prime factors of 31257.
3, 23, 151
List the prime factors of 1570.
2, 5, 157
List the prime factors of 90.
2, 3, 5
What are the prime factors of 19902?
2, 3, 31, 107
List the prime factors of 49211.
49211
List the prime factors of 15664.
2, 11, 89
What are the prime factors of 590?
2, 5, 59
What are the prime factors of 197741?
197741
List the prime factors of 1595.
5, 11, 29
List the prime factors of 22848.
2, 3, 7, 17
List the prime factors of 2646.
2, 3, 7
What are the prime factors of 12413?
12413
What are the prime factors of 24722?
2, 47, 263
What are the prime factors of 1712?
2, 107
What are the prime factors of 1795?
5, 359
What are the prime factors of 27343?
37, 739
What are the prime factors of 81600?
2, 3, 5, 17
What are the prime factors of 37902?
2, 3, 6317
What are the prime factors of 627?
3, 11, 19
What are the prime factors of 3984?
2, 3, 83
List the prime factors of 86592.
2, 3, 11, 41
What are the prime factors of 418?
2, 11, 19
List the prime factors of 785.
5, 157
What are the prime factors of 583?
11, 53
What are the prime factors of 631?
631
What are the prime factors of 783?
3, 29
List the prime factors of 1180.
2, 5, 59
What are the prime factors of 38449?
38449
List the prime factors of 1586.
2, 13, 61
What are the prime factors of 707?
7, 101
List the prime factors of 3286.
2, 31, 53
What are the prime factors of 9147?
3, 3049
List the prime factors of 10362.
2, 3, 11, 157
List the prime factors of 825.
3, 5, 11
What are the prime factors of 5412?
2, 3, 11, 41
List the prime factors of 1412.
2, 353
What are the prime factors of 649?
11, 59
List the prime factors of 548.
2, 137
What are the prime factors of 84716?
2, 21179
List the prime factors of 11201.
23, 487
List the prime factors of 437.
19, 23
List the prime factors of 1208.
2, 151
What are the prime factors of 1705?
5, 11, 31
List the prime factors of 234.
2, 3, 13
List the prime factors of 3937.
31, 127
List the prime factors of 2478.
2, 3, 7, 59
List the prime factors of 49537.
49537
What are the prime factors of 3940?
2, 5, 197
What are the prime factors of 5227?
5227
What are the prime factors of 153683?
313, 491
What are the prime factors of 1110?
2, 3, 5, 37
What are the prime factors of 6820?
2, 5, 11, 31
What are the prime factors of 172253?
281, 613
What are the prime factors of 36370?
2, 5, 3637
List the prime factors of 18640.
2, 5, 233
What are the prime factors of 29438?
2, 41, 359
List the prime factors of 6091.
6091
What are the prime factors of 52237?
52237
List the prime factors of 784.
2, 7
What are the prime factors of 5935?
5, 1187
List the prime factors of 3038.
2, 7, 31
List the prime factors of 3996.
2, 3, 37
List the prime factors of 1442.
2, 7, 103
List the prime factors of 24885.
3, 5, 7, 79
List the prime factors of 460.
2, 5, 23
What are the prime factors of 55102?
2, 27551
What are the prime factors of 2268?
2, 3, 7
What are the prime factors of 2200?
2, 5, 11
What are the prime factors of 26329?
113, 233
What are the prime factors of 5015?
5, 17, 59
List the prime factors of 86621.
19, 47, 97
List the prime factors of 5867.
5867
What are the prime factors of 43240?
2, 5, 23, 47
List the prime factors of 60687.
3, 11, 613
List the prime factors of 1414.
2, 7, 101
List the prime factors of 93995.
5, 11, 1709
What are the prime factors of 3135?
3, 5, 11, 19
What are the prime factors of 133?
7, 19
List the prime factors of 27556.
2, 83
List the prime factors of 8666.
2, 7, 619
What are the prime factors of 114236?
2, 28559
List the prime factors of 2674.
2, 7, 191
List the prime factors of 2600.
2, 5, 13
List the prime factors of 25347.
3, 7, 17, 71
List the prime factors of 2516.
2, 17, 37
What are the prime factors of 925?
5, 37
What are the prime factors of 2590?
2, 5, 7, 37
What are the prime factors of 1032?
2, 3, 43
List the prime factors of 18197.
31, 587
What are the prime factors of 35612?
2, 29, 307
What are the prime factors of 18630?
2, 3, 5, 23
List the prime factors of 2969.
2969
List the prime factors of 411.
3, 137
What are the prime factors of 58722?
2, 3, 9787
What are the prime factors of 38330?
2, 5, 3833
List the prime factors of 2740.
2, 5, 137
List the prime factors of 6295.
5, 1259
What are the prime factors of 135804?
2, 3, 11317
List the prime factors of 8143.
17, 479
List the prime factors of 363.
3, 11
List the prime factors of 7662.
2, 3, 1277
List the prime factors of 1201.
1201
What are the prime factors of 1318?
2, 659
What are the prime factors of 752?
2, 47
List the prime factors of 16317.
3, 7, 37
What are the prime factors of 601?
601
What are the prime factors of 1159?
19, 61
What are the prime factors of 9188?
2, 2297
List the prime factors of 409.
409
List the prime factors of 27560.
2, 5, 13, 53
What are the prime factors of 2387?
7, 11, 31
List the prime factors of 2124.
2, 3, 59
What are the prime factors of 2053?
2053
List the prime factors of 7463.
17, 439
List the prime factors of 1720.
2, 5, 43
List the prime factors of 6518.
2, 3259
What are the prime factors of 24768?
2, 3, 43
What are the prime factors of 2077?
31, 67
What are the prime factors of 19654?
2, 31, 317
What are the prime factors of 6137?
17, 19
List the prime factors of 207146.
2, 103573
What are the prime factors of 115556?
2, 7, 4127
List the prime factors of 2701.
37, 73
What are the prime factors of 6801?
3, 2267
List the prime factors of 30951.
3, 19, 181
What are the prime factors of 3522?
2, 3, 587
List the prime factors of 3707.
11, 337
List the prime factors of 652.
2, 163
What are the prime factors of 114065?
5, 7, 3259
List the prime factors of 436.
2, 109
What are the prime factors of 219?
3, 73
What are the prime factors of 101914?
2, 50957
List the prime factors of 88735.
5, 17747
What are the prime factors of 8704?
2, 17
What are the prime factors of 783?
3, 29
List the prime factors of 1569.
3, 523
What are the prime factors of 568?
2, 71
What are the prime factors of 61?
61
List the prime factors of 1108.
2, 277
List the prime factors of 5833.
19, 307
What are the prime factors of 99?
3, 11
List the prime factors of 4828.
2, 17, 71
List the prime factors of 181.
181
List the prime factors of 46192.
2, 2887
List the prime factors of 45914.
2, 11, 2087
List the prime factors of 5532.
2, 3, 461
What are the prime factors of 1909?
23, 83
What are the prime factors of 3389?
3389
What are the prime factors of 4858?
2, 7, 347
List the prime factors of 12187.
7, 1741
List the prime factors of 768.
2, 3
What are the prime factors of 11091?
3, 3697
List the prime factors of 15067.
13, 19, 61
List the prime factors of 43171.
23, 1877
What are the prime factors of 918?
2, 3, 17
List the prime factors of 8523.
3, 947
What are the prime factors of 2719?
2719
List the prime factors of 6912.
2, 3
What are the prime factors of 5354?
2, 2677
What are the prime factors of 11837?
7, 19, 89
What are the prime factors of 19320?
2, 3, 5, 7, 23
What are the prime factors of 8115?
3, 5, 541
List the prime factors of 42887.
13, 3299
What are the prime factors of 14521?
13, 1117
What are the prime factors of 1189?
29, 41
List the prime factors of 85892.
2, 109, 197
List the prime factors of 224.
2, 7
What are the prime factors of 39956?
2, 7, 1427
List the prime factors of 39605.
5, 89
List the prime factors of 1594.
2, 797
List the prime factors of 56854.
2, 7, 31, 131
List the prime factors of 107101